What is the highest common factor of o and 24?
24
Let z(l) = l**3 + 16*l**2 - 3*l - 9. Let g be z(-16). What is the greatest common divisor of 52 and g?
13
Suppose k - 3*z - 2*z = 55, -4*k + 220 = 3*z. Suppose 4*o = -8, 7 = -4*q + 4*o + k. Let m be -10*4/16*-2. Calculate the greatest common factor of m and q.
5
Let k be -2*(-69)/18*3. Suppose -k = -d + 3. Suppose b + 3*c = -2*c - 12, -5*c = -2*b + 51. Calculate the highest common factor of b and d.
13
Let k = 751 + -603. Calculate the highest common divisor of k and 222.
74
Suppose 0*s + 96 = 5*h - 3*s, 5*s - 26 = -2*h. Let l(o) = -10*o + 27. Let j be l(0). What is the highest common divisor of j and h?
9
Let m(z) be the first derivative of 33*z**2/2 - 3*z - 41. Let n be m(6). Calculate the greatest common divisor of n and 15.
15
Let z = 877 + -52. Calculate the highest common factor of z and 33.
33
Let b be (-225)/(-135)*(-252)/(-10). Suppose 4*r + 375 = -r. Let d = r - -138. What is the highest common divisor of b and d?
21
Let d be (1052/6)/(5/(90/(-12))). Let h = d - -383. Let o be 24 - 0/(-1*2). Calculate the greatest common factor of h and o.
24
Let n(b) = -4*b - 7. Let d(k) = 2*k + 3. Let v(q) = 10*d(q) + 6*n(q). Let l be v(-4). Calculate the greatest common divisor of l and 4.
4
Let o = 14 - 11. Suppose 32 = o*y - 5*h - 3, -4*h - 44 = -4*y. Suppose -2*j + 30 = y. What is the highest common factor of 10 and j?
10
Let q(d) = 13*d - 57. Let y be q(5). Calculate the highest common factor of y and 2.
2
Suppose 7*b - 42 = 70. Suppose -b*r = -49 - 47. What is the highest common divisor of 12 and r?
6
Let x be (-3 - -17) + -10 + 8. What is the highest common divisor of 60 and x?
12
Let o = 479 - 460. What is the greatest common factor of 532 and o?
19
Suppose -3*n = 2 - 8. Suppose -n = f - m - m, -m - 1 = -f. Suppose 25*j - 26*j = -f. What is the highest common divisor of j and 4?
4
Let g be -260*(-6 - 156/(-30)). What is the greatest common factor of 13 and g?
13
Let g be 80/(-100) - 668/(-10). What is the highest common divisor of g and 110?
22
Let h(u) = u**2 - 18*u - 102. Let c be h(-6). Calculate the greatest common factor of c and 105.
21
Let b(j) = j**3 + 30*j**2 - 31*j + 33. Let l be b(-31). Let i(k) = -k**3 + 3*k**2 + 6*k - 5. Let y be i(4). Calculate the greatest common divisor of y and l.
3
Let k be 122 - 16/(-7 - -9). Calculate the greatest common factor of k and 1539.
57
Suppose -6 = -6*g + 7*g. Let d be (-66)/54 + g/(-27) + 16. What is the greatest common divisor of 25 and d?
5
Suppose 5*z = 13*z - 96. Suppose -7*i - 55 = -z*i. Let p(f) = 2*f**2 - 6*f - 3. Let m be p(-5). What is the highest common divisor of i and m?
11
Let u(o) = o**3 + 19*o**2 - 19*o + 76. Let i be u(-20). Calculate the highest common divisor of i and 672.
56
Let v be (4/(-6))/((-3)/144*-4). Let p be ((190/v)/5)/((-6)/72). Calculate the greatest common divisor of p and 38.
19
Let k = 16 - 11. Let f(x) = -5 - 3 - 5 + 2 + k*x. Let q be f(6). Calculate the highest common factor of 19 and q.
19
Let u be (-1 - 8) + -78 + 216. What is the greatest common factor of 559 and u?
43
Let h = 370 - 230. Suppose -b = -8*b + h. What is the highest common divisor of 10 and b?
10
Let p(b) = 4 - 10*b - 45*b + 1. Let r be p(-4). Suppose 2*u - 620 + 570 = 0. What is the greatest common factor of r and u?
25
Suppose 58 = -2*s + 4*s - 3*x, 5*s + 3*x = 166. What is the highest common factor of s and 88?
8
Let g(f) = f**3 + 28*f**2 - 3*f + 117. Let z be g(-28). What is the highest common factor of 3 and z?
3
Let k be -19 - ((-1)/(-3))/((-1)/6). Let j = -11 - k. Calculate the highest common factor of 54 and j.
6
Suppose 3*p = -2*t + 2727 + 55, -2*t - 3686 = -4*p. Suppose 12*n - 19*n + p = 0. What is the highest common factor of 11 and n?
11
Let k be 6 - 3/(-3) - -345. What is the highest common divisor of 66 and k?
22
Suppose 3*q - 3*m = -186, -q + 3*m + 149 = -3*q. Let n = q - -107. Calculate the highest common factor of n and 160.
40
Let a(y) = y + 0*y + 77 - 12. Let q be a(19). What is the highest common divisor of 21 and q?
21
Let u be -1*7*(-1 + -13 + 5). Let p = 120 - u. Suppose -l + 31 + 7 = 0. Calculate the highest common factor of p and l.
19
Let y be ((-858)/(-8))/((-3)/(-12)). Suppose 0*r = 2*r + d - y, -4*d = r - 204. Calculate the greatest common factor of 27 and r.
27
Suppose -h - 233 = -5*p, 0*h - 2*h + 4 = 0. Suppose -5*q - 17 = -p. Calculate the highest common divisor of q and 54.
6
Let m(l) = 5*l**2 - 3*l + 2. Suppose 6*h - 10 = h. Let u be m(h). Let f = 8 - 6. What is the highest common divisor of u and f?
2
Let z(k) = 2*k**3 + 2*k**2 - k + 2. Let r be z(2). Suppose -r*b = -20*b - 896. Calculate the highest common divisor of b and 32.
32
Let j be (-2)/(3 + (-21)/6). Suppose -j*k - 4 = 4. Let u = k - -20. Calculate the highest common divisor of u and 126.
18
Let q(v) = -121*v - 59. Let a be q(-4). Calculate the greatest common divisor of a and 34.
17
Let l(k) = -21*k - 1256. Let g be l(-61). What is the highest common divisor of 1600 and g?
25
Let u = 3202 + -2432. Calculate the highest common factor of 10 and u.
10
Let s = 3798 + -1638. Calculate the greatest common divisor of 90 and s.
90
Let n = -18 + 24. Let x be ((-22)/n)/((-1)/21). Calculate the greatest common factor of x and 11.
11
Let n(z) = 3*z**2 + 4*z + 1. Let u be n(-3). Let l = -3549 - -3573. Calculate the greatest common divisor of l and u.
8
Suppose 4*w - 8*p = -3*p + 47, 4*w - 2*p - 62 = 0. Let x = w + -14. Let d be 3/((-6)/x) + 37. Calculate the highest common divisor of 7 and d.
7
Suppose -66*q = -67*q + 5. Suppose 4*d = -q*k + 129, 60 = 2*d + 8*k - 4*k. What is the greatest common factor of d and 180?
36
Suppose -l - n = -38, 3*n + 120 = -5*l + 308. Suppose l = t + 12. Calculate the highest common factor of t and 100.
25
Let r(z) = 22*z**3 - z - 1. Let x be r(2). Suppose m = o - 2*o + 106, 5*m = o - 88. Let i = x - o. Calculate the highest common divisor of i and 28.
14
Let b be 352/55 + (-6)/15. Calculate the greatest common factor of 18 and b.
6
Let c = 156 - 106. What is the highest common divisor of 125 and c?
25
Let y(k) = -k - 8. Let b be y(-10). Let h be 20/(-8) - 1/b. Let p be 6*((-60)/8)/h. What is the highest common factor of 75 and p?
15
Suppose 9*f - 6*f = -2*i + 37, -3*f = -4*i + 29. What is the highest common factor of i and 253?
11
Let j(s) = s**3 - 3*s**2 + 17*s - 12. Let g be j(6). Calculate the highest common divisor of 18 and g.
18
Let a = -94 - -93. Let x be (-4 - 15/(-3))/(a/(-16)). What is the greatest common divisor of x and 16?
16
Suppose 29 = 4*a + 4*s - 91, 3*s = -5*a + 150. What is the highest common factor of a and 270?
30
Let v = 29 - 17. Suppose -v*t + 66 = -10*t. Calculate the highest common factor of t and 3.
3
Let t = -723 - -255. Let j be t/24*34/(-3). What is the highest common divisor of j and 13?
13
Let k be 940 - (-2 + (-49)/7). Calculate the highest common factor of k and 26.
13
Let x(m) = 6*m - 184. Let o be x(33). What is the highest common divisor of o and 721?
7
Let h = -762 + 782. Let u be ((-7)/2 + 1)*-8. Calculate the highest common factor of u and h.
20
Suppose 815 = 5*r - 5*m, 0 = 3*r - 8*m + 4*m - 488. Calculate the greatest common divisor of 410 and r.
82
Let s = -1584 - -2249. What is the greatest common divisor of s and 10?
5
Let y(r) = 11*r + 32. Let k be y(-2). What is the highest common factor of 10 and k?
10
Let a(v) = v**3 - 14*v**2 - 32*v - 3. Let s be a(16). Let m = 17 - 27. Let r = s - m. Calculate the highest common divisor of 28 and r.
7
Suppose 0 = -7*b - b + 16. Suppose -b*c - 7*c + 540 = 0. Calculate the greatest common factor of 12 and c.
12
Let f be 1375/225 - (-2)/(-18). Suppose -50 = -5*h + 5*z, h + 3*h - 2*z = 48. Let t be (h - 2) + f/(-3). Calculate the highest common divisor of 30 and t.
10
Let c be (-15 + 14)/(1/(-73)). Suppose 2*b + 0*b + 5*v = -c, -3*b + 4*v = 98. Let t = b - -52. Calculate the greatest common factor of t and 45.
9
Suppose -1173 = -35*h + 52. Let c be 2/8 - (-220)/16. What is the greatest common factor of c and h?
7
Let r = 771 - 747. Calculate the highest common divisor of 60 and r.
12
Let w = -1119 + 1295. What is the highest common divisor of w and 209?
11
Let f be 3568/3 + 356/(-267). What is the greatest common divisor of f and 44?
44
Let k be 6 +